{"id":15151,"date":"2024-12-07T17:01:55","date_gmt":"2024-12-07T15:01:55","guid":{"rendered":"https:\/\/www.melform.com\/contenitori-isotermici-e-refrigerati\/non%20class\u00e9\/sac-isotherme-minibag\/"},"modified":"2025-01-15T11:34:16","modified_gmt":"2025-01-15T09:34:16","slug":"sac-isotherme-minibag","status":"publish","type":"product","link":"https:\/\/www.melform.com\/fr\/conteneurs-\/outlet-offres\/conteneurs-isothermes-passifs-offres\/sac-isotherme-minibag\/","title":{"rendered":"Sac isotherme  MINIBAG"},"content":{"rendered":"Le <strong>sac isotherme MINIBAG<\/strong> est con\u00e7u pour le transport s\u00e9curis\u00e9 de produits thermosensibles, offrant une protection contre les chocs et les variations de temp\u00e9rature. Id\u00e9al pour maintenir la stabilit\u00e9 thermique lors des manipulations, il est dot\u00e9 d&#8217;une poche transparente sur trois c\u00f4t\u00e9s pour une identification rapide du contenu.\r\n<ul>\r\n \t<li><strong>Mat\u00e9riau protecteur :<\/strong> r\u00e9sistant aux chocs et dot\u00e9 d&#8217;une excellente isolation contre les variations de temp\u00e9rature.<\/li>\r\n \t<li><strong>Dimensions :<\/strong>\u00a0 200x190x150mm<\/li>\r\n \t<li><strong>Capacit\u00e9s disponibles :<\/strong> 10 L.<\/li>\r\n<\/ul>\r\n<strong>Remarque :<\/strong> produit hors production.","protected":false},"excerpt":{"rendered":"Le sac isotherme MINIBAG est con\u00e7u pour le transport s\u00e9curis\u00e9 de produits thermosensibles, offrant une protection contre les chocs et les variations de temp\u00e9rature. Id\u00e9al pour maintenir la stabilit\u00e9 thermique lors des manipulations, il est dot\u00e9 d&#8217;une poche transparente sur trois c\u00f4t\u00e9s pour une identification rapide du contenu. Mat\u00e9riau protecteur : r\u00e9sistant aux chocs et [&hellip;]","protected":false},"featured_media":15144,"template":"","meta":{"_acf_changed":false,"_themeisle_gutenberg_block_has_review":false},"product_brand":[],"product_cat":[815,973],"product_tag":[],"class_list":{"0":"post-15151","1":"product","2":"type-product","3":"status-publish","4":"has-post-thumbnail","6":"product_cat-outlet-offres","7":"product_cat-conteneurs-isothermes-passifs-offres","8":"pa_moq-5-fr","10":"first","11":"instock","12":"shipping-taxable","13":"purchasable","14":"product-type-variable","15":"wvs-archive-product-wrapper"},"acf":[],"yoast_head":"<!-- This site is optimized with the Yoast SEO plugin v26.4 - https:\/\/yoast.com\/wordpress\/plugins\/seo\/ -->\n<title>Sac isotherme MINIBAG - MELFORM<\/title>\n<meta name=\"robots\" content=\"index, follow, max-snippet:-1, max-image-preview:large, max-video-preview:-1\" \/>\n<link rel=\"canonical\" href=\"https:\/\/www.melform.com\/fr\/conteneurs-\/outlet-offres\/conteneurs-isothermes-passifs-offres\/sac-isotherme-minibag\/\" \/>\n<meta property=\"og:locale\" content=\"fr_FR\" \/>\n<meta property=\"og:type\" content=\"article\" \/>\n<meta property=\"og:title\" content=\"Sac isotherme MINIBAG - MELFORM\" \/>\n<meta property=\"og:description\" content=\"Le sac isotherme MINIBAG est con\u00e7u pour le transport s\u00e9curis\u00e9 de produits thermosensibles, offrant une protection contre les chocs et les variations de temp\u00e9rature. Id\u00e9al pour maintenir la stabilit\u00e9 thermique lors des manipulations, il est dot\u00e9 d&#8217;une poche transparente sur trois c\u00f4t\u00e9s pour une identification rapide du contenu. Mat\u00e9riau protecteur : r\u00e9sistant aux chocs et [&hellip;]\" \/>\n<meta property=\"og:url\" content=\"https:\/\/www.melform.com\/fr\/conteneurs-\/outlet-offres\/conteneurs-isothermes-passifs-offres\/sac-isotherme-minibag\/\" \/>\n<meta property=\"og:site_name\" content=\"MELFORM\" \/>\n<meta property=\"article:modified_time\" content=\"2025-01-15T09:34:16+00:00\" \/>\n<meta property=\"og:image\" content=\"https:\/\/www.melform.com\/wp-content\/uploads\/2024\/12\/OK_MINIBAG.jpg\" \/>\n\t<meta property=\"og:image:width\" content=\"1200\" \/>\n\t<meta property=\"og:image:height\" content=\"1200\" \/>\n\t<meta property=\"og:image:type\" content=\"image\/jpeg\" \/>\n<meta name=\"twitter:card\" content=\"summary_large_image\" \/>\n<script type=\"application\/ld+json\" class=\"yoast-schema-graph\">{\"@context\":\"https:\/\/schema.org\",\"@graph\":[{\"@type\":\"WebPage\",\"@id\":\"https:\/\/www.melform.com\/fr\/conteneurs-\/outlet-offres\/conteneurs-isothermes-passifs-offres\/sac-isotherme-minibag\/\",\"url\":\"https:\/\/www.melform.com\/fr\/conteneurs-\/outlet-offres\/conteneurs-isothermes-passifs-offres\/sac-isotherme-minibag\/\",\"name\":\"Sac isotherme MINIBAG - MELFORM\",\"isPartOf\":{\"@id\":\"https:\/\/www.melform.com\/fr\/#website\"},\"primaryImageOfPage\":{\"@id\":\"https:\/\/www.melform.com\/fr\/conteneurs-\/outlet-offres\/conteneurs-isothermes-passifs-offres\/sac-isotherme-minibag\/#primaryimage\"},\"image\":{\"@id\":\"https:\/\/www.melform.com\/fr\/conteneurs-\/outlet-offres\/conteneurs-isothermes-passifs-offres\/sac-isotherme-minibag\/#primaryimage\"},\"thumbnailUrl\":\"https:\/\/www.melform.com\/wp-content\/uploads\/2024\/12\/OK_MINIBAG.jpg\",\"datePublished\":\"2024-12-07T15:01:55+00:00\",\"dateModified\":\"2025-01-15T09:34:16+00:00\",\"breadcrumb\":{\"@id\":\"https:\/\/www.melform.com\/fr\/conteneurs-\/outlet-offres\/conteneurs-isothermes-passifs-offres\/sac-isotherme-minibag\/#breadcrumb\"},\"inLanguage\":\"fr-FR\",\"potentialAction\":[{\"@type\":\"ReadAction\",\"target\":[\"https:\/\/www.melform.com\/fr\/conteneurs-\/outlet-offres\/conteneurs-isothermes-passifs-offres\/sac-isotherme-minibag\/\"]}]},{\"@type\":\"ImageObject\",\"inLanguage\":\"fr-FR\",\"@id\":\"https:\/\/www.melform.com\/fr\/conteneurs-\/outlet-offres\/conteneurs-isothermes-passifs-offres\/sac-isotherme-minibag\/#primaryimage\",\"url\":\"https:\/\/www.melform.com\/wp-content\/uploads\/2024\/12\/OK_MINIBAG.jpg\",\"contentUrl\":\"https:\/\/www.melform.com\/wp-content\/uploads\/2024\/12\/OK_MINIBAG.jpg\",\"width\":1200,\"height\":1200},{\"@type\":\"BreadcrumbList\",\"@id\":\"https:\/\/www.melform.com\/fr\/conteneurs-\/outlet-offres\/conteneurs-isothermes-passifs-offres\/sac-isotherme-minibag\/#breadcrumb\",\"itemListElement\":[{\"@type\":\"ListItem\",\"position\":1,\"name\":\"Home\",\"item\":\"https:\/\/www.melform.com\/fr\/\"},{\"@type\":\"ListItem\",\"position\":2,\"name\":\"Shop\",\"item\":\"https:\/\/www.melform.com\/fr\/shop\/\"},{\"@type\":\"ListItem\",\"position\":3,\"name\":\"Sac isotherme MINIBAG\"}]},{\"@type\":\"WebSite\",\"@id\":\"https:\/\/www.melform.com\/fr\/#website\",\"url\":\"https:\/\/www.melform.com\/fr\/\",\"name\":\"MELFORM\",\"description\":\"SISTEMI PER IL TRASPORTO E STOCCAGGIO A TEMPERATURA CONTROLLATA\",\"potentialAction\":[{\"@type\":\"SearchAction\",\"target\":{\"@type\":\"EntryPoint\",\"urlTemplate\":\"https:\/\/www.melform.com\/fr\/?s={search_term_string}\"},\"query-input\":{\"@type\":\"PropertyValueSpecification\",\"valueRequired\":true,\"valueName\":\"search_term_string\"}}],\"inLanguage\":\"fr-FR\"}]}<\/script>\n<!-- \/ Yoast SEO plugin. -->","yoast_head_json":{"title":"Sac isotherme MINIBAG - MELFORM","robots":{"index":"index","follow":"follow","max-snippet":"max-snippet:-1","max-image-preview":"max-image-preview:large","max-video-preview":"max-video-preview:-1"},"canonical":"https:\/\/www.melform.com\/fr\/conteneurs-\/outlet-offres\/conteneurs-isothermes-passifs-offres\/sac-isotherme-minibag\/","og_locale":"fr_FR","og_type":"article","og_title":"Sac isotherme MINIBAG - MELFORM","og_description":"Le sac isotherme MINIBAG est con\u00e7u pour le transport s\u00e9curis\u00e9 de produits thermosensibles, offrant une protection contre les chocs et les variations de temp\u00e9rature. Id\u00e9al pour maintenir la stabilit\u00e9 thermique lors des manipulations, il est dot\u00e9 d&#8217;une poche transparente sur trois c\u00f4t\u00e9s pour une identification rapide du contenu. Mat\u00e9riau protecteur : r\u00e9sistant aux chocs et [&hellip;]","og_url":"https:\/\/www.melform.com\/fr\/conteneurs-\/outlet-offres\/conteneurs-isothermes-passifs-offres\/sac-isotherme-minibag\/","og_site_name":"MELFORM","article_modified_time":"2025-01-15T09:34:16+00:00","og_image":[{"width":1200,"height":1200,"url":"https:\/\/www.melform.com\/wp-content\/uploads\/2024\/12\/OK_MINIBAG.jpg","type":"image\/jpeg"}],"twitter_card":"summary_large_image","schema":{"@context":"https:\/\/schema.org","@graph":[{"@type":"WebPage","@id":"https:\/\/www.melform.com\/fr\/conteneurs-\/outlet-offres\/conteneurs-isothermes-passifs-offres\/sac-isotherme-minibag\/","url":"https:\/\/www.melform.com\/fr\/conteneurs-\/outlet-offres\/conteneurs-isothermes-passifs-offres\/sac-isotherme-minibag\/","name":"Sac isotherme MINIBAG - MELFORM","isPartOf":{"@id":"https:\/\/www.melform.com\/fr\/#website"},"primaryImageOfPage":{"@id":"https:\/\/www.melform.com\/fr\/conteneurs-\/outlet-offres\/conteneurs-isothermes-passifs-offres\/sac-isotherme-minibag\/#primaryimage"},"image":{"@id":"https:\/\/www.melform.com\/fr\/conteneurs-\/outlet-offres\/conteneurs-isothermes-passifs-offres\/sac-isotherme-minibag\/#primaryimage"},"thumbnailUrl":"https:\/\/www.melform.com\/wp-content\/uploads\/2024\/12\/OK_MINIBAG.jpg","datePublished":"2024-12-07T15:01:55+00:00","dateModified":"2025-01-15T09:34:16+00:00","breadcrumb":{"@id":"https:\/\/www.melform.com\/fr\/conteneurs-\/outlet-offres\/conteneurs-isothermes-passifs-offres\/sac-isotherme-minibag\/#breadcrumb"},"inLanguage":"fr-FR","potentialAction":[{"@type":"ReadAction","target":["https:\/\/www.melform.com\/fr\/conteneurs-\/outlet-offres\/conteneurs-isothermes-passifs-offres\/sac-isotherme-minibag\/"]}]},{"@type":"ImageObject","inLanguage":"fr-FR","@id":"https:\/\/www.melform.com\/fr\/conteneurs-\/outlet-offres\/conteneurs-isothermes-passifs-offres\/sac-isotherme-minibag\/#primaryimage","url":"https:\/\/www.melform.com\/wp-content\/uploads\/2024\/12\/OK_MINIBAG.jpg","contentUrl":"https:\/\/www.melform.com\/wp-content\/uploads\/2024\/12\/OK_MINIBAG.jpg","width":1200,"height":1200},{"@type":"BreadcrumbList","@id":"https:\/\/www.melform.com\/fr\/conteneurs-\/outlet-offres\/conteneurs-isothermes-passifs-offres\/sac-isotherme-minibag\/#breadcrumb","itemListElement":[{"@type":"ListItem","position":1,"name":"Home","item":"https:\/\/www.melform.com\/fr\/"},{"@type":"ListItem","position":2,"name":"Shop","item":"https:\/\/www.melform.com\/fr\/shop\/"},{"@type":"ListItem","position":3,"name":"Sac isotherme MINIBAG"}]},{"@type":"WebSite","@id":"https:\/\/www.melform.com\/fr\/#website","url":"https:\/\/www.melform.com\/fr\/","name":"MELFORM","description":"SISTEMI PER IL TRASPORTO E STOCCAGGIO A TEMPERATURA CONTROLLATA","potentialAction":[{"@type":"SearchAction","target":{"@type":"EntryPoint","urlTemplate":"https:\/\/www.melform.com\/fr\/?s={search_term_string}"},"query-input":{"@type":"PropertyValueSpecification","valueRequired":true,"valueName":"search_term_string"}}],"inLanguage":"fr-FR"}]}},"_links":{"self":[{"href":"https:\/\/www.melform.com\/fr\/wp-json\/wp\/v2\/product\/15151","targetHints":{"allow":["GET"]}}],"collection":[{"href":"https:\/\/www.melform.com\/fr\/wp-json\/wp\/v2\/product"}],"about":[{"href":"https:\/\/www.melform.com\/fr\/wp-json\/wp\/v2\/types\/product"}],"wp:featuredmedia":[{"embeddable":true,"href":"https:\/\/www.melform.com\/fr\/wp-json\/wp\/v2\/media\/15144"}],"wp:attachment":[{"href":"https:\/\/www.melform.com\/fr\/wp-json\/wp\/v2\/media?parent=15151"}],"wp:term":[{"taxonomy":"product_brand","embeddable":true,"href":"https:\/\/www.melform.com\/fr\/wp-json\/wp\/v2\/product_brand?post=15151"},{"taxonomy":"product_cat","embeddable":true,"href":"https:\/\/www.melform.com\/fr\/wp-json\/wp\/v2\/product_cat?post=15151"},{"taxonomy":"product_tag","embeddable":true,"href":"https:\/\/www.melform.com\/fr\/wp-json\/wp\/v2\/product_tag?post=15151"}],"curies":[{"name":"wp","href":"https:\/\/api.w.org\/{rel}","templated":true}]}}

https://www.melform.com/contenitori-isotermici-e-refrigerati/non%20classé/sac-isotherme-minibag/

Le <strong>sac isotherme MINIBAG</strong> est conçu pour le transport sécurisé de produits thermosensibles, offrant une protection contre les chocs et les variations de température. Idéal pour maintenir la stabilité thermique lors des manipulations, il est doté d&#8217;une poche transparente sur trois côtés pour une identification rapide du contenu.
<ul>
 	<li><strong>Matériau protecteur :</strong> résistant aux chocs et doté d&#8217;une excellente isolation contre les variations de température.</li>
 	<li><strong>Dimensions :</strong>  200x190x150mm</li>
 	<li><strong>Capacités disponibles :</strong> 10 L.</li>
</ul>
<strong>Remarque :</strong> produit hors production.

Le sac isotherme MINIBAG est conçu pour le transport sécurisé de produits thermosensibles, offrant une protection contre les chocs et les variations de température. Idéal pour maintenir la stabilité thermique lors des manipulations, il est doté d&#8217;une poche transparente sur trois côtés pour une identification rapide du contenu. Matériau protecteur : résistant aux chocs et [&hellip;]

<!-- This site is optimized with the Yoast SEO plugin v26.4 - https://yoast.com/wordpress/plugins/seo/ -->
<title>Sac isotherme MINIBAG - MELFORM</title>
<meta name="robots" content="index, follow, max-snippet:-1, max-image-preview:large, max-video-preview:-1" />
<link rel="canonical" href="https://www.melform.com/fr/conteneurs-/outlet-offres/conteneurs-isothermes-passifs-offres/sac-isotherme-minibag/" />
<meta property="og:locale" content="fr_FR" />
<meta property="og:type" content="article" />
<meta property="og:title" content="Sac isotherme MINIBAG - MELFORM" />
<meta property="og:description" content="Le sac isotherme MINIBAG est conçu pour le transport sécurisé de produits thermosensibles, offrant une protection contre les chocs et les variations de température. Idéal pour maintenir la stabilité thermique lors des manipulations, il est doté d&#8217;une poche transparente sur trois côtés pour une identification rapide du contenu. Matériau protecteur : résistant aux chocs et [&hellip;]" />
<meta property="og:url" content="https://www.melform.com/fr/conteneurs-/outlet-offres/conteneurs-isothermes-passifs-offres/sac-isotherme-minibag/" />
<meta property="og:site_name" content="MELFORM" />
<meta property="article:modified_time" content="2025-01-15T09:34:16+00:00" />
<meta property="og:image" content="https://www.melform.com/wp-content/uploads/2024/12/OK_MINIBAG.jpg" />
	<meta property="og:image:width" content="1200" />
	<meta property="og:image:height" content="1200" />
	<meta property="og:image:type" content="image/jpeg" />
<meta name="twitter:card" content="summary_large_image" />
<script type="application/ld+json" class="yoast-schema-graph">{"@context":"https://schema.org","@graph":[{"@type":"WebPage","@id":"https://www.melform.com/fr/conteneurs-/outlet-offres/conteneurs-isothermes-passifs-offres/sac-isotherme-minibag/","url":"https://www.melform.com/fr/conteneurs-/outlet-offres/conteneurs-isothermes-passifs-offres/sac-isotherme-minibag/","name":"Sac isotherme MINIBAG - MELFORM","isPartOf":{"@id":"https://www.melform.com/fr/#website"},"primaryImageOfPage":{"@id":"https://www.melform.com/fr/conteneurs-/outlet-offres/conteneurs-isothermes-passifs-offres/sac-isotherme-minibag/#primaryimage"},"image":{"@id":"https://www.melform.com/fr/conteneurs-/outlet-offres/conteneurs-isothermes-passifs-offres/sac-isotherme-minibag/#primaryimage"},"thumbnailUrl":"https://www.melform.com/wp-content/uploads/2024/12/OK_MINIBAG.jpg","datePublished":"2024-12-07T15:01:55+00:00","dateModified":"2025-01-15T09:34:16+00:00","breadcrumb":{"@id":"https://www.melform.com/fr/conteneurs-/outlet-offres/conteneurs-isothermes-passifs-offres/sac-isotherme-minibag/#breadcrumb"},"inLanguage":"fr-FR","potentialAction":[{"@type":"ReadAction","target":["https://www.melform.com/fr/conteneurs-/outlet-offres/conteneurs-isothermes-passifs-offres/sac-isotherme-minibag/"]}]},{"@type":"ImageObject","inLanguage":"fr-FR","@id":"https://www.melform.com/fr/conteneurs-/outlet-offres/conteneurs-isothermes-passifs-offres/sac-isotherme-minibag/#primaryimage","url":"https://www.melform.com/wp-content/uploads/2024/12/OK_MINIBAG.jpg","contentUrl":"https://www.melform.com/wp-content/uploads/2024/12/OK_MINIBAG.jpg","width":1200,"height":1200},{"@type":"BreadcrumbList","@id":"https://www.melform.com/fr/conteneurs-/outlet-offres/conteneurs-isothermes-passifs-offres/sac-isotherme-minibag/#breadcrumb","itemListElement":[{"@type":"ListItem","position":1,"name":"Home","item":"https://www.melform.com/fr/"},{"@type":"ListItem","position":2,"name":"Shop","item":"https://www.melform.com/fr/shop/"},{"@type":"ListItem","position":3,"name":"Sac isotherme MINIBAG"}]},{"@type":"WebSite","@id":"https://www.melform.com/fr/#website","url":"https://www.melform.com/fr/","name":"MELFORM","description":"SISTEMI PER IL TRASPORTO E STOCCAGGIO A TEMPERATURA CONTROLLATA","potentialAction":[{"@type":"SearchAction","target":{"@type":"EntryPoint","urlTemplate":"https://www.melform.com/fr/?s={search_term_string}"},"query-input":{"@type":"PropertyValueSpecification","valueRequired":true,"valueName":"search_term_string"}}],"inLanguage":"fr-FR"}]}</script>
<!-- / Yoast SEO plugin. -->
