{"id":8469,"date":"2022-10-07T14:19:19","date_gmt":"2022-10-07T12:19:19","guid":{"rendered":"https:\/\/www.melform.com\/product\/piatto-a-due-comparti-in-melamina\/"},"modified":"2025-02-23T11:23:15","modified_gmt":"2025-02-23T09:23:15","slug":"assiette-a-deux-compartiments-en-melamine","status":"publish","type":"product","link":"https:\/\/www.melform.com\/fr\/conteneurs-\/catalogue-de-produits\/accessoires\/assiette-a-deux-compartiments-en-melamine\/","title":{"rendered":"Assiette en M\u00e9lamine \u00e0 Deux Compartiments \u2013 \u00d8 255 mm"},"content":{"rendered":"<p data-start=\"914\" data-end=\"1238\">L\u2019<strong data-start=\"916\" data-end=\"961\">assiette en m\u00e9lamine \u00e0 deux compartiments<\/strong> est con\u00e7ue pour offrir <strong data-start=\"985\" data-end=\"1037\">r\u00e9sistance, praticit\u00e9 et une esth\u00e9tique raffin\u00e9e<\/strong>, gr\u00e2ce \u00e0 sa <strong data-start=\"1050\" data-end=\"1110\">couleur brillante et lumineuse semblable \u00e0 la porcelaine<\/strong>. Parfaite pour un service hygi\u00e9nique et fonctionnel, elle est id\u00e9ale pour une utilisation avec le <strong data-start=\"1209\" data-end=\"1235\">plateau isotherme TS60<\/strong>.<\/p>\r\n\r\n<ul data-start=\"1281\" data-end=\"1807\" data-is-last-node=\"\" data-is-only-node=\"\">\r\n \t<li data-start=\"1281\" data-end=\"1362\"><strong data-start=\"1283\" data-end=\"1295\">Diam\u00e8tre<\/strong> : <strong data-start=\"1298\" data-end=\"1308\">255 mm<\/strong>, parfaitement adapt\u00e9 au <strong data-start=\"1333\" data-end=\"1359\">plateau isotherme TS60<\/strong>.<\/li>\r\n \t<li data-start=\"1363\" data-end=\"1439\"><strong data-start=\"1365\" data-end=\"1377\">Mat\u00e9riau<\/strong> : <strong data-start=\"1380\" data-end=\"1403\">M\u00e9lamine incassable<\/strong>, r\u00e9sistante aux chocs et durable.<\/li>\r\n \t<li data-start=\"1440\" data-end=\"1519\"><strong data-start=\"1442\" data-end=\"1472\">Deux compartiments s\u00e9par\u00e9s<\/strong>, pour une r\u00e9partition pratique des aliments.<\/li>\r\n \t<li data-start=\"1520\" data-end=\"1616\"><strong data-start=\"1522\" data-end=\"1551\">Temp\u00e9rature d&#8217;utilisation<\/strong> : <strong data-start=\"1554\" data-end=\"1575\">de -20\u00b0C \u00e0 +120\u00b0C<\/strong>, garantissant polyvalence et s\u00e9curit\u00e9.<\/li>\r\n \t<li data-start=\"1617\" data-end=\"1715\"><strong data-start=\"1619\" data-end=\"1640\">Facile \u00e0 nettoyer<\/strong>, compatible avec le lave-vaisselle pour un entretien rapide et efficace.<\/li>\r\n \t<li data-start=\"1716\" data-end=\"1807\" data-is-last-node=\"\"><strong data-start=\"1718\" data-end=\"1743\">Accessoire disponible<\/strong> : <strong data-start=\"1746\" data-end=\"1765\">Couvercle d\u00e9di\u00e9<\/strong>, pour une protection optimale du contenu.<\/li>\r\n<\/ul>","protected":false},"excerpt":{"rendered":"L\u2019assiette en m\u00e9lamine \u00e0 deux compartiments est con\u00e7ue pour offrir r\u00e9sistance, praticit\u00e9 et une esth\u00e9tique raffin\u00e9e, gr\u00e2ce \u00e0 sa couleur brillante et lumineuse semblable \u00e0 la porcelaine. Parfaite pour un service hygi\u00e9nique et fonctionnel, elle est id\u00e9ale pour une utilisation avec le plateau isotherme TS60. Diam\u00e8tre : 255 mm, parfaitement adapt\u00e9 au plateau isotherme TS60. [&hellip;]","protected":false},"featured_media":6185,"template":"","meta":{"_acf_changed":false,"_themeisle_gutenberg_block_has_review":false},"product_brand":[],"product_cat":[241],"product_tag":[],"class_list":{"0":"post-8469","1":"product","2":"type-product","3":"status-publish","4":"has-post-thumbnail","6":"product_cat-accessoires","7":"pa_linea-melamine-fr-2","8":"pa_moq-6-fr","10":"first","11":"instock","12":"product-type-simple"},"acf":[],"yoast_head":"<!-- This site is optimized with the Yoast SEO plugin v26.4 - https:\/\/yoast.com\/wordpress\/plugins\/seo\/ -->\n<title>Assiette en M\u00e9lamine \u00e0 Deux Compartiments \u2013 \u00d8 255 mm - MELFORM<\/title>\n<meta name=\"robots\" content=\"index, follow, max-snippet:-1, max-image-preview:large, max-video-preview:-1\" \/>\n<link rel=\"canonical\" href=\"https:\/\/www.melform.com\/fr\/conteneurs-\/catalogue-de-produits\/accessoires\/assiette-a-deux-compartiments-en-melamine\/\" \/>\n<meta property=\"og:locale\" content=\"fr_FR\" \/>\n<meta property=\"og:type\" content=\"article\" \/>\n<meta property=\"og:title\" content=\"Assiette en M\u00e9lamine \u00e0 Deux Compartiments \u2013 \u00d8 255 mm - MELFORM\" \/>\n<meta property=\"og:description\" content=\"L\u2019assiette en m\u00e9lamine \u00e0 deux compartiments est con\u00e7ue pour offrir r\u00e9sistance, praticit\u00e9 et une esth\u00e9tique raffin\u00e9e, gr\u00e2ce \u00e0 sa couleur brillante et lumineuse semblable \u00e0 la porcelaine. Parfaite pour un service hygi\u00e9nique et fonctionnel, elle est id\u00e9ale pour une utilisation avec le plateau isotherme TS60. Diam\u00e8tre : 255 mm, parfaitement adapt\u00e9 au plateau isotherme TS60. [&hellip;]\" \/>\n<meta property=\"og:url\" content=\"https:\/\/www.melform.com\/fr\/conteneurs-\/catalogue-de-produits\/accessoires\/assiette-a-deux-compartiments-en-melamine\/\" \/>\n<meta property=\"og:site_name\" content=\"MELFORM\" \/>\n<meta property=\"article:modified_time\" content=\"2025-02-23T09:23:15+00:00\" \/>\n<meta property=\"og:image\" content=\"https:\/\/www.melform.com\/wp-content\/uploads\/2022\/10\/5655_LR.jpg\" \/>\n\t<meta property=\"og:image:width\" content=\"1200\" \/>\n\t<meta property=\"og:image:height\" content=\"1200\" \/>\n\t<meta property=\"og:image:type\" content=\"image\/jpeg\" \/>\n<meta name=\"twitter:card\" content=\"summary_large_image\" \/>\n<script type=\"application\/ld+json\" class=\"yoast-schema-graph\">{\"@context\":\"https:\/\/schema.org\",\"@graph\":[{\"@type\":\"WebPage\",\"@id\":\"https:\/\/www.melform.com\/fr\/conteneurs-\/catalogue-de-produits\/accessoires\/assiette-a-deux-compartiments-en-melamine\/\",\"url\":\"https:\/\/www.melform.com\/fr\/conteneurs-\/catalogue-de-produits\/accessoires\/assiette-a-deux-compartiments-en-melamine\/\",\"name\":\"Assiette en M\u00e9lamine \u00e0 Deux Compartiments \u2013 \u00d8 255 mm - MELFORM\",\"isPartOf\":{\"@id\":\"https:\/\/www.melform.com\/fr\/#website\"},\"primaryImageOfPage\":{\"@id\":\"https:\/\/www.melform.com\/fr\/conteneurs-\/catalogue-de-produits\/accessoires\/assiette-a-deux-compartiments-en-melamine\/#primaryimage\"},\"image\":{\"@id\":\"https:\/\/www.melform.com\/fr\/conteneurs-\/catalogue-de-produits\/accessoires\/assiette-a-deux-compartiments-en-melamine\/#primaryimage\"},\"thumbnailUrl\":\"https:\/\/www.melform.com\/wp-content\/uploads\/2022\/10\/5655_LR.jpg\",\"datePublished\":\"2022-10-07T12:19:19+00:00\",\"dateModified\":\"2025-02-23T09:23:15+00:00\",\"breadcrumb\":{\"@id\":\"https:\/\/www.melform.com\/fr\/conteneurs-\/catalogue-de-produits\/accessoires\/assiette-a-deux-compartiments-en-melamine\/#breadcrumb\"},\"inLanguage\":\"fr-FR\",\"potentialAction\":[{\"@type\":\"ReadAction\",\"target\":[\"https:\/\/www.melform.com\/fr\/conteneurs-\/catalogue-de-produits\/accessoires\/assiette-a-deux-compartiments-en-melamine\/\"]}]},{\"@type\":\"ImageObject\",\"inLanguage\":\"fr-FR\",\"@id\":\"https:\/\/www.melform.com\/fr\/conteneurs-\/catalogue-de-produits\/accessoires\/assiette-a-deux-compartiments-en-melamine\/#primaryimage\",\"url\":\"https:\/\/www.melform.com\/wp-content\/uploads\/2022\/10\/5655_LR.jpg\",\"contentUrl\":\"https:\/\/www.melform.com\/wp-content\/uploads\/2022\/10\/5655_LR.jpg\",\"width\":1200,\"height\":1200},{\"@type\":\"BreadcrumbList\",\"@id\":\"https:\/\/www.melform.com\/fr\/conteneurs-\/catalogue-de-produits\/accessoires\/assiette-a-deux-compartiments-en-melamine\/#breadcrumb\",\"itemListElement\":[{\"@type\":\"ListItem\",\"position\":1,\"name\":\"Home\",\"item\":\"https:\/\/www.melform.com\/fr\/\"},{\"@type\":\"ListItem\",\"position\":2,\"name\":\"Shop\",\"item\":\"https:\/\/www.melform.com\/fr\/shop\/\"},{\"@type\":\"ListItem\",\"position\":3,\"name\":\"Assiette en M\u00e9lamine \u00e0 Deux Compartiments \u2013 \u00d8 255 mm\"}]},{\"@type\":\"WebSite\",\"@id\":\"https:\/\/www.melform.com\/fr\/#website\",\"url\":\"https:\/\/www.melform.com\/fr\/\",\"name\":\"MELFORM\",\"description\":\"SISTEMI PER IL TRASPORTO E STOCCAGGIO A TEMPERATURA CONTROLLATA\",\"potentialAction\":[{\"@type\":\"SearchAction\",\"target\":{\"@type\":\"EntryPoint\",\"urlTemplate\":\"https:\/\/www.melform.com\/fr\/?s={search_term_string}\"},\"query-input\":{\"@type\":\"PropertyValueSpecification\",\"valueRequired\":true,\"valueName\":\"search_term_string\"}}],\"inLanguage\":\"fr-FR\"}]}<\/script>\n<!-- \/ Yoast SEO plugin. -->","yoast_head_json":{"title":"Assiette en M\u00e9lamine \u00e0 Deux Compartiments \u2013 \u00d8 255 mm - MELFORM","robots":{"index":"index","follow":"follow","max-snippet":"max-snippet:-1","max-image-preview":"max-image-preview:large","max-video-preview":"max-video-preview:-1"},"canonical":"https:\/\/www.melform.com\/fr\/conteneurs-\/catalogue-de-produits\/accessoires\/assiette-a-deux-compartiments-en-melamine\/","og_locale":"fr_FR","og_type":"article","og_title":"Assiette en M\u00e9lamine \u00e0 Deux Compartiments \u2013 \u00d8 255 mm - MELFORM","og_description":"L\u2019assiette en m\u00e9lamine \u00e0 deux compartiments est con\u00e7ue pour offrir r\u00e9sistance, praticit\u00e9 et une esth\u00e9tique raffin\u00e9e, gr\u00e2ce \u00e0 sa couleur brillante et lumineuse semblable \u00e0 la porcelaine. Parfaite pour un service hygi\u00e9nique et fonctionnel, elle est id\u00e9ale pour une utilisation avec le plateau isotherme TS60. Diam\u00e8tre : 255 mm, parfaitement adapt\u00e9 au plateau isotherme TS60. [&hellip;]","og_url":"https:\/\/www.melform.com\/fr\/conteneurs-\/catalogue-de-produits\/accessoires\/assiette-a-deux-compartiments-en-melamine\/","og_site_name":"MELFORM","article_modified_time":"2025-02-23T09:23:15+00:00","og_image":[{"width":1200,"height":1200,"url":"https:\/\/www.melform.com\/wp-content\/uploads\/2022\/10\/5655_LR.jpg","type":"image\/jpeg"}],"twitter_card":"summary_large_image","schema":{"@context":"https:\/\/schema.org","@graph":[{"@type":"WebPage","@id":"https:\/\/www.melform.com\/fr\/conteneurs-\/catalogue-de-produits\/accessoires\/assiette-a-deux-compartiments-en-melamine\/","url":"https:\/\/www.melform.com\/fr\/conteneurs-\/catalogue-de-produits\/accessoires\/assiette-a-deux-compartiments-en-melamine\/","name":"Assiette en M\u00e9lamine \u00e0 Deux Compartiments \u2013 \u00d8 255 mm - MELFORM","isPartOf":{"@id":"https:\/\/www.melform.com\/fr\/#website"},"primaryImageOfPage":{"@id":"https:\/\/www.melform.com\/fr\/conteneurs-\/catalogue-de-produits\/accessoires\/assiette-a-deux-compartiments-en-melamine\/#primaryimage"},"image":{"@id":"https:\/\/www.melform.com\/fr\/conteneurs-\/catalogue-de-produits\/accessoires\/assiette-a-deux-compartiments-en-melamine\/#primaryimage"},"thumbnailUrl":"https:\/\/www.melform.com\/wp-content\/uploads\/2022\/10\/5655_LR.jpg","datePublished":"2022-10-07T12:19:19+00:00","dateModified":"2025-02-23T09:23:15+00:00","breadcrumb":{"@id":"https:\/\/www.melform.com\/fr\/conteneurs-\/catalogue-de-produits\/accessoires\/assiette-a-deux-compartiments-en-melamine\/#breadcrumb"},"inLanguage":"fr-FR","potentialAction":[{"@type":"ReadAction","target":["https:\/\/www.melform.com\/fr\/conteneurs-\/catalogue-de-produits\/accessoires\/assiette-a-deux-compartiments-en-melamine\/"]}]},{"@type":"ImageObject","inLanguage":"fr-FR","@id":"https:\/\/www.melform.com\/fr\/conteneurs-\/catalogue-de-produits\/accessoires\/assiette-a-deux-compartiments-en-melamine\/#primaryimage","url":"https:\/\/www.melform.com\/wp-content\/uploads\/2022\/10\/5655_LR.jpg","contentUrl":"https:\/\/www.melform.com\/wp-content\/uploads\/2022\/10\/5655_LR.jpg","width":1200,"height":1200},{"@type":"BreadcrumbList","@id":"https:\/\/www.melform.com\/fr\/conteneurs-\/catalogue-de-produits\/accessoires\/assiette-a-deux-compartiments-en-melamine\/#breadcrumb","itemListElement":[{"@type":"ListItem","position":1,"name":"Home","item":"https:\/\/www.melform.com\/fr\/"},{"@type":"ListItem","position":2,"name":"Shop","item":"https:\/\/www.melform.com\/fr\/shop\/"},{"@type":"ListItem","position":3,"name":"Assiette en M\u00e9lamine \u00e0 Deux Compartiments \u2013 \u00d8 255 mm"}]},{"@type":"WebSite","@id":"https:\/\/www.melform.com\/fr\/#website","url":"https:\/\/www.melform.com\/fr\/","name":"MELFORM","description":"SISTEMI PER IL TRASPORTO E STOCCAGGIO A TEMPERATURA CONTROLLATA","potentialAction":[{"@type":"SearchAction","target":{"@type":"EntryPoint","urlTemplate":"https:\/\/www.melform.com\/fr\/?s={search_term_string}"},"query-input":{"@type":"PropertyValueSpecification","valueRequired":true,"valueName":"search_term_string"}}],"inLanguage":"fr-FR"}]}},"_links":{"self":[{"href":"https:\/\/www.melform.com\/fr\/wp-json\/wp\/v2\/product\/8469","targetHints":{"allow":["GET"]}}],"collection":[{"href":"https:\/\/www.melform.com\/fr\/wp-json\/wp\/v2\/product"}],"about":[{"href":"https:\/\/www.melform.com\/fr\/wp-json\/wp\/v2\/types\/product"}],"wp:featuredmedia":[{"embeddable":true,"href":"https:\/\/www.melform.com\/fr\/wp-json\/wp\/v2\/media\/6185"}],"wp:attachment":[{"href":"https:\/\/www.melform.com\/fr\/wp-json\/wp\/v2\/media?parent=8469"}],"wp:term":[{"taxonomy":"product_brand","embeddable":true,"href":"https:\/\/www.melform.com\/fr\/wp-json\/wp\/v2\/product_brand?post=8469"},{"taxonomy":"product_cat","embeddable":true,"href":"https:\/\/www.melform.com\/fr\/wp-json\/wp\/v2\/product_cat?post=8469"},{"taxonomy":"product_tag","embeddable":true,"href":"https:\/\/www.melform.com\/fr\/wp-json\/wp\/v2\/product_tag?post=8469"}],"curies":[{"name":"wp","href":"https:\/\/api.w.org\/{rel}","templated":true}]}}

Assiette en Mélamine à Deux Compartiments – Ø 255 mm

<p data-start="914" data-end="1238">L’<strong data-start="916" data-end="961">assiette en mélamine à deux compartiments</strong> est conçue pour offrir <strong data-start="985" data-end="1037">résistance, praticité et une esthétique raffinée</strong>, grâce à sa <strong data-start="1050" data-end="1110">couleur brillante et lumineuse semblable à la porcelaine</strong>. Parfaite pour un service hygiénique et fonctionnel, elle est idéale pour une utilisation avec le <strong data-start="1209" data-end="1235">plateau isotherme TS60</strong>.</p>

<ul data-start="1281" data-end="1807" data-is-last-node="" data-is-only-node="">
 	<li data-start="1281" data-end="1362"><strong data-start="1283" data-end="1295">Diamètre</strong> : <strong data-start="1298" data-end="1308">255 mm</strong>, parfaitement adapté au <strong data-start="1333" data-end="1359">plateau isotherme TS60</strong>.</li>
 	<li data-start="1363" data-end="1439"><strong data-start="1365" data-end="1377">Matériau</strong> : <strong data-start="1380" data-end="1403">Mélamine incassable</strong>, résistante aux chocs et durable.</li>
 	<li data-start="1440" data-end="1519"><strong data-start="1442" data-end="1472">Deux compartiments séparés</strong>, pour une répartition pratique des aliments.</li>
 	<li data-start="1520" data-end="1616"><strong data-start="1522" data-end="1551">Température d&#8217;utilisation</strong> : <strong data-start="1554" data-end="1575">de -20°C à +120°C</strong>, garantissant polyvalence et sécurité.</li>
 	<li data-start="1617" data-end="1715"><strong data-start="1619" data-end="1640">Facile à nettoyer</strong>, compatible avec le lave-vaisselle pour un entretien rapide et efficace.</li>
 	<li data-start="1716" data-end="1807" data-is-last-node=""><strong data-start="1718" data-end="1743">Accessoire disponible</strong> : <strong data-start="1746" data-end="1765">Couvercle dédié</strong>, pour une protection optimale du contenu.</li>
</ul>

L’assiette en mélamine à deux compartiments est conçue pour offrir résistance, praticité et une esthétique raffinée, grâce à sa couleur brillante et lumineuse semblable à la porcelaine. Parfaite pour un service hygiénique et fonctionnel, elle est idéale pour une utilisation avec le plateau isotherme TS60. Diamètre : 255 mm, parfaitement adapté au plateau isotherme TS60. [&hellip;]

<!-- This site is optimized with the Yoast SEO plugin v26.4 - https://yoast.com/wordpress/plugins/seo/ -->
<title>Assiette en Mélamine à Deux Compartiments – Ø 255 mm - MELFORM</title>
<meta name="robots" content="index, follow, max-snippet:-1, max-image-preview:large, max-video-preview:-1" />
<link rel="canonical" href="https://www.melform.com/fr/conteneurs-/catalogue-de-produits/accessoires/assiette-a-deux-compartiments-en-melamine/" />
<meta property="og:locale" content="fr_FR" />
<meta property="og:type" content="article" />
<meta property="og:title" content="Assiette en Mélamine à Deux Compartiments – Ø 255 mm - MELFORM" />
<meta property="og:description" content="L’assiette en mélamine à deux compartiments est conçue pour offrir résistance, praticité et une esthétique raffinée, grâce à sa couleur brillante et lumineuse semblable à la porcelaine. Parfaite pour un service hygiénique et fonctionnel, elle est idéale pour une utilisation avec le plateau isotherme TS60. Diamètre : 255 mm, parfaitement adapté au plateau isotherme TS60. [&hellip;]" />
<meta property="og:url" content="https://www.melform.com/fr/conteneurs-/catalogue-de-produits/accessoires/assiette-a-deux-compartiments-en-melamine/" />
<meta property="og:site_name" content="MELFORM" />
<meta property="article:modified_time" content="2025-02-23T09:23:15+00:00" />
<meta property="og:image" content="https://www.melform.com/wp-content/uploads/2022/10/5655_LR.jpg" />
	<meta property="og:image:width" content="1200" />
	<meta property="og:image:height" content="1200" />
	<meta property="og:image:type" content="image/jpeg" />
<meta name="twitter:card" content="summary_large_image" />
<script type="application/ld+json" class="yoast-schema-graph">{"@context":"https://schema.org","@graph":[{"@type":"WebPage","@id":"https://www.melform.com/fr/conteneurs-/catalogue-de-produits/accessoires/assiette-a-deux-compartiments-en-melamine/","url":"https://www.melform.com/fr/conteneurs-/catalogue-de-produits/accessoires/assiette-a-deux-compartiments-en-melamine/","name":"Assiette en Mélamine à Deux Compartiments – Ø 255 mm - MELFORM","isPartOf":{"@id":"https://www.melform.com/fr/#website"},"primaryImageOfPage":{"@id":"https://www.melform.com/fr/conteneurs-/catalogue-de-produits/accessoires/assiette-a-deux-compartiments-en-melamine/#primaryimage"},"image":{"@id":"https://www.melform.com/fr/conteneurs-/catalogue-de-produits/accessoires/assiette-a-deux-compartiments-en-melamine/#primaryimage"},"thumbnailUrl":"https://www.melform.com/wp-content/uploads/2022/10/5655_LR.jpg","datePublished":"2022-10-07T12:19:19+00:00","dateModified":"2025-02-23T09:23:15+00:00","breadcrumb":{"@id":"https://www.melform.com/fr/conteneurs-/catalogue-de-produits/accessoires/assiette-a-deux-compartiments-en-melamine/#breadcrumb"},"inLanguage":"fr-FR","potentialAction":[{"@type":"ReadAction","target":["https://www.melform.com/fr/conteneurs-/catalogue-de-produits/accessoires/assiette-a-deux-compartiments-en-melamine/"]}]},{"@type":"ImageObject","inLanguage":"fr-FR","@id":"https://www.melform.com/fr/conteneurs-/catalogue-de-produits/accessoires/assiette-a-deux-compartiments-en-melamine/#primaryimage","url":"https://www.melform.com/wp-content/uploads/2022/10/5655_LR.jpg","contentUrl":"https://www.melform.com/wp-content/uploads/2022/10/5655_LR.jpg","width":1200,"height":1200},{"@type":"BreadcrumbList","@id":"https://www.melform.com/fr/conteneurs-/catalogue-de-produits/accessoires/assiette-a-deux-compartiments-en-melamine/#breadcrumb","itemListElement":[{"@type":"ListItem","position":1,"name":"Home","item":"https://www.melform.com/fr/"},{"@type":"ListItem","position":2,"name":"Shop","item":"https://www.melform.com/fr/shop/"},{"@type":"ListItem","position":3,"name":"Assiette en Mélamine à Deux Compartiments – Ø 255 mm"}]},{"@type":"WebSite","@id":"https://www.melform.com/fr/#website","url":"https://www.melform.com/fr/","name":"MELFORM","description":"SISTEMI PER IL TRASPORTO E STOCCAGGIO A TEMPERATURA CONTROLLATA","potentialAction":[{"@type":"SearchAction","target":{"@type":"EntryPoint","urlTemplate":"https://www.melform.com/fr/?s={search_term_string}"},"query-input":{"@type":"PropertyValueSpecification","valueRequired":true,"valueName":"search_term_string"}}],"inLanguage":"fr-FR"}]}</script>
<!-- / Yoast SEO plugin. -->

Assiette en Mélamine à Deux Compartiments – Ø 255 mm - MELFORM
